{"id":16263,"date":"2022-02-23T15:19:43","date_gmt":"2022-02-23T14:19:43","guid":{"rendered":"https:\/\/www.nubeocho.com\/?post_type=product&#038;p=16263"},"modified":"2024-03-25T11:56:59","modified_gmt":"2024-03-25T10:56:59","slug":"ninas-y-ninos-feministas","status":"publish","type":"product","link":"https:\/\/www.nubeocho.com\/en\/product\/ninas-y-ninos-feministas\/","title":{"rendered":"Ni\u00f1as y ni\u00f1os feministas"},"content":{"rendered":"<p>A las ni\u00f1as y ni\u00f1os feministas nos gustan todos los colores, llevar el pelo lo largo que queramos y elegir nuestros juguetes. Nos encanta jugar todas y todos juntos y mostrar nuestras emociones. Pero, sobre todo, no queremos que haya \u201ccosas de chicas\u201d y \u201ccosas de chicos\u201d.<\/p>\n<p>Luis Amavisca y Blanca Lacasa, junto a las inconfundibles ilustraciones de Gusti, presentan, en forma de situaciones cotidianas, un breve manual para ni\u00f1as y ni\u00f1os feministas. La igualdad es cosas de todas y de todos.<\/p>\n<p><a href=\"https:\/\/www.nubeocho.com\/wp-content\/uploads\/2018\/09\/Sin-ti\u0301tulo-1-copia.jpg\"><img loading=\"lazy\" decoding=\"async\" class=\"alignnone size-large wp-image-19618\" src=\"https:\/\/www.nubeocho.com\/wp-content\/uploads\/2018\/09\/Sin-ti\u0301tulo-1-copia-1024x214.jpg\" alt=\"\" width=\"1024\" height=\"214\" srcset=\"https:\/\/www.nubeocho.com\/wp-content\/uploads\/2018\/09\/Sin-ti\u0301tulo-1-copia-1024x214.jpg 1024w, https:\/\/www.nubeocho.com\/wp-content\/uploads\/2018\/09\/Sin-ti\u0301tulo-1-copia-300x63.jpg 300w, https:\/\/www.nubeocho.com\/wp-content\/uploads\/2018\/09\/Sin-ti\u0301tulo-1-copia-768x161.jpg 768w, https:\/\/www.nubeocho.com\/wp-content\/uploads\/2018\/09\/Sin-ti\u0301tulo-1-copia-320x67.jpg 320w, https:\/\/www.nubeocho.com\/wp-content\/uploads\/2018\/09\/Sin-ti\u0301tulo-1-copia-600x125.jpg 600w, https:\/\/www.nubeocho.com\/wp-content\/uploads\/2018\/09\/Sin-ti\u0301tulo-1-copia.jpg 1382w\" sizes=\"auto, (max-width: 1024px) 100vw, 1024px\" \/><\/a><\/p>\n","protected":false},"excerpt":{"rendered":"<p>\u00bfQu\u00e9 es ser feminista? Las ni\u00f1as y ni\u00f1os protagonistas, a trav\u00e9s de situaciones cotidianas, nos ayudan a entenderlo.<\/p>\n","protected":false},"featured_media":15428,"template":"","meta":[],"product_brand":[],"product_cat":[619,626],"product_tag":[1636,1627,1633],"class_list":{"0":"post-16263","1":"product","2":"type-product","3":"status-publish","4":"has-post-thumbnail","6":"colecciones-egalite-en","7":"edades-4-en","8":"product_cat-catalogue","9":"product_cat-picture-book","10":"product_tag-equality-feminism","11":"product_tag-family","12":"product_tag-humor-en","14":"first","15":"instock","16":"taxable","17":"shipping-taxable","18":"product-type-simple"},"acf":[],"_links":{"self":[{"href":"https:\/\/www.nubeocho.com\/en\/wp-json\/wp\/v2\/product\/16263","targetHints":{"allow":["GET"]}}],"collection":[{"href":"https:\/\/www.nubeocho.com\/en\/wp-json\/wp\/v2\/product"}],"about":[{"href":"https:\/\/www.nubeocho.com\/en\/wp-json\/wp\/v2\/types\/product"}],"wp:featuredmedia":[{"embeddable":true,"href":"https:\/\/www.nubeocho.com\/en\/wp-json\/wp\/v2\/media\/15428"}],"wp:attachment":[{"href":"https:\/\/www.nubeocho.com\/en\/wp-json\/wp\/v2\/media?parent=16263"}],"wp:term":[{"taxonomy":"product_brand","embeddable":true,"href":"https:\/\/www.nubeocho.com\/en\/wp-json\/wp\/v2\/product_brand?post=16263"},{"taxonomy":"product_cat","embeddable":true,"href":"https:\/\/www.nubeocho.com\/en\/wp-json\/wp\/v2\/product_cat?post=16263"},{"taxonomy":"product_tag","embeddable":true,"href":"https:\/\/www.nubeocho.com\/en\/wp-json\/wp\/v2\/product_tag?post=16263"}],"curies":[{"name":"wp","href":"https:\/\/api.w.org\/{rel}","templated":true}]}}

Niñas y niños feministas

<p>A las niñas y niños feministas nos gustan todos los colores, llevar el pelo lo largo que queramos y elegir nuestros juguetes. Nos encanta jugar todas y todos juntos y mostrar nuestras emociones. Pero, sobre todo, no queremos que haya “cosas de chicas” y “cosas de chicos”.</p>
<p>Luis Amavisca y Blanca Lacasa, junto a las inconfundibles ilustraciones de Gusti, presentan, en forma de situaciones cotidianas, un breve manual para niñas y niños feministas. La igualdad es cosas de todas y de todos.</p>
<p><a href="https://www.nubeocho.com/wp-content/uploads/2018/09/Sin-título-1-copia.jpg"><img loading="lazy" decoding="async" class="alignnone size-large wp-image-19618" src="https://www.nubeocho.com/wp-content/uploads/2018/09/Sin-título-1-copia-1024x214.jpg" alt="" width="1024" height="214" srcset="https://www.nubeocho.com/wp-content/uploads/2018/09/Sin-título-1-copia-1024x214.jpg 1024w, https://www.nubeocho.com/wp-content/uploads/2018/09/Sin-título-1-copia-300x63.jpg 300w, https://www.nubeocho.com/wp-content/uploads/2018/09/Sin-título-1-copia-768x161.jpg 768w, https://www.nubeocho.com/wp-content/uploads/2018/09/Sin-título-1-copia-320x67.jpg 320w, https://www.nubeocho.com/wp-content/uploads/2018/09/Sin-título-1-copia-600x125.jpg 600w, https://www.nubeocho.com/wp-content/uploads/2018/09/Sin-título-1-copia.jpg 1382w" sizes="auto, (max-width: 1024px) 100vw, 1024px" /></a></p>

<p>¿Qué es ser feminista? Las niñas y niños protagonistas, a través de situaciones cotidianas, nos ayudan a entenderlo.</p>
